 = 2 + y. List the prime factors of q*-1*24/(-4).
2, 3
Let j = 30 - 18. Suppose -j = b - 5*b. Suppose b*u + 2*u = 65. What are the prime factors of u?
13
Suppose 2*n + 2*o - 92 = -2*n, -5*n + 102 = -4*o. List the prime factors of n.
2, 11
What are the prime factors of 25/(-15)*3 - -79?
2, 37
Let g = 375 + -253. What are the prime factors of g?
2, 61
Let z(s) = s**2 + 8*s + 9. Let j be z(-6). Let d = -2 + j. What are the prime factors of (-2)/5 - 27/d?
5
Suppose -2*b - 3*b + p + 71 = 0, -5*b + 75 = -5*p. List the prime factors of b.
2, 7
Let u be (-15)/(-5) - 24/(-2). Suppose -11 = -3*g - z, 3*z + u = 4*g - g. Suppose 6 = 3*m, -g*y + 24 = -3*m + m. What are the prime factors of y?
7
Suppose 0 = 2*a + 5*t + 1, -5*t = -5*a - 4*t + 11. Let j = 6 - a. List the prime factors of j.
2
Suppose -7*v = -4*v - 6. Let f be v/6 - 68/(-12). Suppose -3*o = -4*o + f. List the prime factors of o.
2, 3
Suppose -5*w + 10 = -5*y, -2*y + 4 = 4*w - 7*y. Suppose -5*b + 26 = 2*p - 6*p, 2*b - 17 = -5*p. Suppose -w = -2*t + b. List the prime factors of t.
2, 3
Let w(g) be the first derivative of -11*g**2/2 - g - 1. What are the prime factors of w(-1)?
2, 5
Let o(i) = -i**3 - 6*i**2 - i - 3. Let p be o(-6). Suppose 0 = p*u + u - 48. List the prime factors of u.
2, 3
Suppose 5 + 19 = 2*g. Suppose -3*b - g = 0, -54 = -m - 2*m + 3*b. List the prime factors of m.
2, 7
Let j(q) = -3*q - 1. Let s be j(-1). Suppose -o = -1 + s. What are the prime factors of (o - 3)*35/(-10)?
2, 7
Let p = 57 + 122. List the prime factors of p.
179
Let d be (-27)/(-3) + -3 - 3. Suppose -2*p - d*p + 255 = 0. Suppose 4*v - p = -11. List the prime factors of v.
2, 5
Let t be ((-10)/(-4))/((-55)/(-44)). Suppose 5*j - t*q - 11 = 0, q = -4*j - 4*q + 22. What are the prime factors of j?
3
Let n be 6/(-8)*(-112)/42. What are the prime factors of n/(-10) - 66/(-30)?
2
Let l = 2 - 5. Let j(i) = -3*i. Let r(p) = -p**2 + 10*p. Let a(q) = -7*j(q) - 2*r(q). List the prime factors of a(l).
3, 5
Let w(z) = -5*z. Let t be w(2). Let j = 18 + t. What are the prime factors of j?
2
List the prime factors of (1 + 0)*(-1)/1*-219.
3, 73
Suppose 0 = -r - r + 12. Suppose r - 27 = -3*a. Suppose 4 = n - a. List the prime factors of n.
11
Let h(t) = t**2 + 5*t + 5. Let q be h(-5). Suppose -q*d + 135 = -2*b, 2*d + 0*b - 45 = -b. List the prime factors of (110/d)/(4/10).
11
Let x(u) = -u**2 + 6*u - 3. Let s be x(5). Suppose s*r - 6*r + 28 = 0. List the prime factors of r.
7
Let f(u) = 1 + 0*u - 6*u**2 - u + 0 + u**3 + 4. Let r(w) = -3*w**3 + 17*w**2 + 2*w - 14. Let c(o) = -8*f(o) - 3*r(o). List the prime factors of c(2).
2
List the prime factors of (4/(-6) + 2)*(-303)/(-2).
2, 101
Let w(a) = -a**2 + 14*a - 2 + 4*a**2 + 0*a**2 - 4*a**2. List the prime factors of w(10).
2, 19
List the prime factors of (432/(-60))/((-4)/30).
2, 3
Suppose -3*s = -w - 117, 0 = 5*w - 0*w + 15. What are the prime factors of s?
2, 19
Suppose 7 = -t - 3*l, 3*t + 3*l + 0 = -3. Let k(s) = -t + s + 3*s - 5*s. List the prime factors of k(-10).
2
Suppose -k + 2 = 4*l - 9, 0 = 2*l + 3*k - 3. Suppose -l*p + 5 = -1. List the prime factors of p.
2
Let l = 14 - 11. Suppose -q = -l*q + 14. What are the prime factors of q?
7
Let k(t) = t + 26. Let i be k(0). Let b be 394/i + (-14)/91. Suppose -5*x + b = -25. List the prime factors of x.
2
Let i = 5 + 0. Suppose 55 = 3*f - 5*d, -i*f + 73 - 6 = 4*d. What are the prime factors of f?
3, 5
What are the prime factors of 3/2*2 - -10?
13
Let q(g) = -93*g - 2. What are the prime factors of q(-1)?
7, 13
List the prime factors of 1104/9 + 4 + 4/(-6).
2, 3, 7
Suppose 25 = 3*y - 2*y - 2*p, 50 = 3*y - p. Suppose -3*b + 73 - y = 2*l, b = 4. Suppose 17 = 5*w - l. List the prime factors of w.
2
Let o = 227 + -100. List the prime factors of o.
127
List the prime factors of (-8)/60 - 1114/(-30).
37
Let w(s) be the third derivative of -s**4/12 - s**3/3 - s**2. Let v be w(-5). Suppose -5*q + 58 = v. List the prime factors of q.
2, 5
Let v(y) = y - 1. Let t(b) = -b**2 - 6*b - 2. Let r be t(-4). What are the prime factors of v(r)?
5
Let h(s) = s**3 - 2*s**2 + 3*s - 2. Let a be h(3). Suppose -4*k + 3*j = -11 - 8, -5*k - 4*j + a = 0. What are the prime factors of k?
2
List the prime factors of 172/10 - (-6)/(-30).
17
Let q(o) = -2*o + 0*o + 0*o. Let a be q(-4). List the prime factors of 90/a + 2/(-8).
11
Let v be ((-6)/5)/((-5)/100). Let i = 13 + v. List the prime factors of i.
37
Suppose -5*z = -0*z - 155. List the prime factors of z.
31
Suppose 25 = a + 4*a, 2*a = 4*c - 30. List the prime factors of c.
2, 5
What are the prime factors of 4/5 - (-16839)/45?
3, 5
Let b(f) = f**3 - 8*f**2 + 9*f - 9. What are the prime factors of b(8)?
3, 7
Let j(w) = -w**3 - 2*w - 1. List the prime factors of j(-2).
11
Let w(o) = -2*o**2 - 3*o. Let t be w(-6). Let q be 0 + 5/((-15)/t). Suppose -p = -u - 9, 4*u + q = 2*p - u. What are the prime factors of p?
3
Let z = 124 - 37. What are the prime factors of z?
3, 29
Suppose 0*i = -2*i - 2*y + 76, -5*i - 2*y + 187 = 0. List the prime factors of i.
37
Let d be -5 - ((-1 - 5) + 3). List the prime factors of d/6 + 760/30.
5
Let v(u) = u**3 - 10*u**2 - 2*u - 9. List the prime factors of v(11).
2, 3, 5
Suppose -8 = -3*o - 23. Let j = o - 7. List the prime factors of 182/8 + (-3)/j.
23
Suppose 0*x - 2*x = -4. Suppose -x*v + 4*p - 3*p = -48, -4*v + 108 = p. What are the prime factors of v?
2, 13
Let r be 15/(-10)*(-86)/3. Suppose -c + 3*d + r = c, 4*c + 4*d - 136 = 0. List the prime factors of c.
29
Suppose -i + 4*n = 2 - 16, i - n - 5 = 0. Let a be 74/4 - 1/i. Let z = a + -9. What are the prime factors of z?
3
Suppose 4*j - 3*t + 23 = 0, -2*j - 3*t - 13 = -4*t. Let i = j - -16. List the prime factors of i.
2
Let s = -23 + 14. Let u = s + 20. Let b = u - 8. List the prime factors of b.
3
Let g(v) = v + 5. Let k(u) = -1. Let r(s) = -g(s) - 4*k(s). Let b be r(-1). Suppose 2*q + b - 10 = 0. List the prime factors of q.
5
Suppose -7*c = 42 - 420. List the prime factors of c.
2, 3
Let h(b) = -b**2 + 2*b + 1. Let m be h(-4). Let o = -7 - m. What are the prime factors of o?
2
Suppose 0 = 3*o + 2*p - p - 87, -2*o - 5*p = -45. What are the prime factors of o?
2, 3, 5
Let w = -152 - -306. List the prime factors of w.
2, 7, 11
Let a = -12 + 12. Suppose -2*j + 2*y + 36 = a, j - 44 = -j + 4*y. List the prime factors of j.
2, 7
Let k = -6 - -9. Suppose k*u - 14 = -o, -o - 1 = -u - u. Let x = u - -9. List the prime factors of x.
2, 3
Let g = -7 - -5. Let d = g + 2. What are the prime factors of (d - -2) + (7 - 0)?
3
Let x(p) = -3*p - 8. Let k be x(-4). Let q(v) be the third derivative of v**4/12 - v**3/6 - v**2. List the prime factors of q(k).
7
Let i = 306 - 153. What are the prime factors of i?
3, 17
Let z = -23 + 31. What are the prime factors of z/5*(-15)/(-6)?
2
Let o(q) = q**2 - 11. List the prime factors of o(6).
5
What are the prime factors of (2 - -2) + (2 - -27)?
3, 11
Let i = 2 - -2. Suppose 0 = -4*t - 4*y, -i*t + y = 2*y - 6. Suppose 3*d - 11 = t*d. What are the prime factors of d?
11
Let h(v) = v**2 + 7*v + 3. Let l(b) = 3*b + 3 + b**2 + 4*b**3 + 3*b**3 - 2 - b. Let q be l(-1). List the prime factors of h(q).
3
Suppose -5*v = -y - 1, -2*y - 3*v = 3*y - 23. Suppose 17 = 5*x - y*s, -s = -0*x - 5*x + 8. Let r(d) = 12*d + 1. What are the prime factors of r(x)?
13
Let h be ((-3)/(-4))/(2/8). Suppose -n + h*n = 0. Let a = 3 + n. What are the prime factors of a?
3
Let d(a) = a + 4*a**3 + a**2 - 3*a**3 + 30 - 3. What are the prime factors of d(0)?
3
Let y = -9 + 2. Let k(s) = 16 - 2 - 2 + s + 5. What are the prime factors of k(y)?
2, 5
Suppose 0 = -4*y + 7*y. Suppose -4*w - w + 215 = y. What are the prime factors of w?
43
Let f(i) = i - 14. Let a be f(11). List the prime factors of 34 - 0 - (a - -4).
3, 11
Let w = -35 - -49. List the prime factors of w.
2, 7
Let l = -3 - -14. List the prime factors of l.
11
Suppose 3*a - 28 = -4*j + 62, 5*j - 4*a = 128. What are the prime factors of j?
2, 3
Let t(f) = -2*f**3 + 3*f**2 + 4*f - 3. Let j = 5 - 2. Let z be t(j). Let u = z + 26. What are the prime factors of u?
2
Let l be -2*1*(-2)/4. List the prime factors of 13 - 7 - (l - 1).
2, 3
Let g(b) = 74*b - 29. What are the prime factors of g(3)?
193
Let s = -191 + 347. List the prime factors of s.
2, 3, 13
Let c = -1 + 3. Suppose c